
Calculate the remainder when 3288151 is divided by 15509.
243
Calculate the remainder when 140691 is divided by 140313.
378
What is the remainder when 13051376 is divided by 9632?
16
Calculate the remainder when 54076 is divided by 3398.
3106
What is the remainder when 49522864 is divided by 181?
178
Calculate the remainder when 48503586 is divided by 405.
381
What is the remainder when 77985 is divided by 1833?
999
What is the remainder when 1655789 is divided by 1355?
1334
What is the remainder when 7362968 is divided by 4666?
20
Calculate the remainder when 1507334 is divided by 215332.
10
What is the remainder when 1790717 is divided by 21318?
5
Calculate the remainder when 187414491 is divided by 100.
91
What is the remainder when 3951213 is divided by 914?
905
Calculate the remainder when 98005 is divided by 19510.
455
Calculate the remainder when 43522 is divided by 27.
25
Calculate the remainder when 171044 is divided by 2666.
420
Calculate the remainder when 80643 is divided by 3091.
277
What is the remainder when 63710704 is divided by 8?
0
What is the remainder when 2256132 is divided by 58?
48
What is the remainder when 2399445 is divided by 90?
45
What is the remainder when 192425378 is divided by 3?
2
Calculate the remainder when 38648218 is divided by 1698.
40
What is the remainder when 61917 is divided by 82?
7
Calculate the remainder when 280449 is divided by 533.
91
What is the remainder when 5820345 is divided by 33070?
25
What is the remainder when 2742933 is divided by 260?
193
Calculate the remainder when 103604 is divided by 33843.
2075
Calculate the remainder when 514675 is divided by 3032.
2267
Calculate the remainder when 847742 is divided by 2013.
269
What is the remainder when 19533452 is divided by 9766714?
24
What is the remainder when 19347045 is divided by 1938?
1929
What is the remainder when 26647 is divided by 3849?
3553
Calculate the remainder when 3782819 is divided by 9.
2
Calculate the remainder when 572052029 is divided by 1412.
1409
Calculate the remainder when 47427177 is divided by 127.
43
What is the remainder when 267633637 is divided by 637?
635
Calculate the remainder when 2250568 is divided by 42.
40
What is the remainder when 50751 is divided by 4215?
171
Calculate the remainder when 45448385 is divided by 1009.
1007
Calculate the remainder when 1452319 is divided by 484106.
1
Calculate the remainder when 21342479 is divided by 236.
55
Calculate the remainder when 415499 is divided by 93.
68
What is the remainder when 1391926 is divided by 1391898?
28
Calculate the remainder when 414276 is divided by 134248.
11532
Calculate the remainder when 10096322 is divided by 2728.
2722
What is the remainder when 19806951 is divided by 10491?
10434
What is the remainder when 101701 is divided by 2071?
222
Calculate the remainder when 4007743 is divided by 8.
7
Calculate the remainder when 1774219 is divided by 406.
405
Calculate the remainder when 1622346 is divided by 405547.
158
What is the remainder when 5617758 is divided by 552?
54
Calculate the remainder when 2086427 is divided by 1927.
1413
What is the remainder when 2232671 is divided by 52?
51
Calculate the remainder when 2235526 is divided by 30.
16
What is the remainder when 680312 is divided by 78?
74
What is the remainder when 11585275 is divided by 143028?
7
Calculate the remainder when 2799755 is divided by 699933.
23
What is the remainder when 959661 is divided by 1613?
1539
What is the remainder when 48661031 is divided by 55868?
3
Calculate the remainder when 12860073 is divided by 86.
63
Calculate the remainder when 293666718 is divided by 18.
12
Calculate the remainder when 11303385 is divided by 791.
786
Calculate the remainder when 64136 is divided by 2007.
1919
Calculate the remainder when 9362701 is divided by 123.
64
Calculate the remainder when 641464 is divided by 811.
774
What is the remainder when 52440827 is divided by 65?
62
Calculate the remainder when 222635 is divided by 111317.
1
What is the remainder when 6024210 is divided by 34?
22
Calculate the remainder when 11899 is divided by 2675.
1199
Calculate the remainder when 1151797 is divided by 627.
625
Calculate the remainder when 1164589 is divided by 85.
4
Calculate the remainder when 5484972 is divided by 5295.
4647
What is the remainder when 100420 is divided by 5906?
18
Calculate the remainder when 23074 is divided by 2337.
2041
What is the remainder when 9744546 is divided by 9744504?
42
What is the remainder when 436814 is divided by 5022?
4922
Calculate the remainder when 36589409 is divided by 2843.
2842
What is the remainder when 1248059 is divided by 1539?
1469
Calculate the remainder when 10797230 is divided by 2739.
92
What is the remainder when 396025 is divided by 3962?
3787
What is the remainder when 6776 is divided by 2228?
92
Calculate the remainder when 1688383 is divided by 2580.
1063
Calculate the remainder when 9663465 is divided by 1932679.
70
What is the remainder when 110597 is divided by 22070?
247
Calculate the remainder when 9704743 is divided by 45.
43
What is the remainder when 12475570 is divided by 3248?
2
What is the remainder when 4982 is divided by 498?
2
Calculate the remainder when 76089 is divided by 25233.
390
What is the remainder when 2472527 is divided by 24?
23
Calculate the remainder when 463619 is divided by 8137.
7947
What is the remainder when 72062 is divided by 71489?
573
What is the remainder when 180110 is divided by 72?
38
Calculate the remainder when 214271 is divided by 768.
767
Calculate the remainder when 169229084 is divided by 288.
284
Calculate the remainder when 11184199 is divided by 907.
889
What is the remainder when 129725943 is divided by 428?
427
What is the remainder when 4620741 is divided by 420067?
4
Calculate the remainder when 50589 is divided by 12636.
45
What is the remainder when 30686238 is divided by 2789648?
110
Calculate the remainder when 2717491 is divided by 247.
244
Calculate the remainder when 298059 is divided by 49676.
3
Calculate the remainder when 48732639 is divided by 16244138.
225
Calculate the remainder when 7651 is divided by 2448.
307
Calculate the remainder when 12905185 is divided by 30.
25
Calculate the remainder when 525854 is divided by 47788.
186
Calculate the remainder when 2416896 is divided by 402811.
30
What is the remainder when 522340 is divided by 3300?
940
Calculate the remainder when 1478234 is divided by 1781.
4
What is the remainder when 906882 is divided by 61?
56
What is the remainder when 1425852 is divided by 215?
187
What is the remainder when 444688 is divided by 86?
68
What is the remainder when 12951448 is divided by 143?
81
What is the remainder when 194222 is divided by 136?
14
Calculate the remainder when 58380514 is divided by 97.
94
What is the remainder when 154977 is divided by 58?
1
What is the remainder when 210018 is divided by 2795?
393
Calculate the remainder when 211512 is divided by 158.
108
What is the remainder when 13268 is divided by 1046?
716
Calculate the remainder when 5171706 is divided by 427.
309
What is the remainder when 6338283 is divided by 119590?
13
Calculate the remainder when 221878 is divided by 44250.
628
What is the remainder when 19037934 is divided by 710?
704
Calculate the remainder when 1201644 is divided by 3749.
1964
What is the remainder when 378181 is divided by 3318?
3247
Calculate the remainder when 8661141 is divided by 433057.
1
What is the remainder when 22863771 is divided by 11431868?
35
What is the remainder when 166850554 is divided by 2139?
2137
Calculate the remainder when 43766 is divided by 372.
242
Calculate the remainder when 6251483 is divided by 46.
37
Calculate the remainder when 815822589 is divided by 984.
981
Calculate the remainder when 105752539 is divided by 457.
454
What is the remainder when 38551368 is divided by 16842?
30
Calculate the remainder when 977333 is divided by 51366.
1379
Calculate the remainder when 473753 is divided by 523.
438
What is the remainder when 29658 is divided by 688?
74
Calculate the remainder when 1315803 is divided by 407.
379
Calculate the remainder when 273947 is divided by 7266.
5105
What is the remainder when 6110463 is divided by 1149?
81
Calculate